e?
True
Is 106451077 a prime number?
True
Is 17680417 composite?
True
Is 60879947 composite?
True
Is 9130301 a composite number?
False
Is 1062923 a prime number?
False
Is 35935241 a prime number?
True
Is 107193871 prime?
True
Is 18736621 composite?
True
Is 59902103 composite?
True
Is 20049971 a composite number?
False
Is 15115999 prime?
False
Is 43606217 composite?
False
Is 10648871 a composite number?
False
Is 8235781 a prime number?
True
Is 6475709 a prime number?
False
Is 325889177 a prime number?
True
Is 8564147 composite?
False
Is 474090277 composite?
True
Is 1738019 a prime number?
True
Is 174913 composite?
True
Is 653077 a composite number?
True
Is 878707 composite?
True
Is 1131787 a composite number?
False
Is 465473681 a prime number?
False
Is 40780579 prime?
False
Is 4139951 a prime number?
True
Is 1966939 composite?
True
Is 5546639 prime?
False
Is 87669689 a prime number?
True
Is 593999 a prime number?
False
Is 23208109 a prime number?
True
Is 3894619 a composite number?
False
Is 2119443 a composite number?
True
Is 42701095 a prime number?
False
Is 471488621 composite?
True
Is 617359 composite?
False
Is 2378251 composite?
True
Is 1598011 a composite number?
False
Is 1601843 prime?
True
Is 10425829 a composite number?
False
Is 165942835 prime?
False
Is 54483433 a composite number?
False
Is 68905231 a composite number?
False
Is 24698321 a composite number?
False
Is 43043095 prime?
False
Is 3362551 a prime number?
False
Is 54874951 a composite number?
False
Is 170607358 prime?
False
Is 447173 a composite number?
False
Is 1169839 a composite number?
True
Is 23877803 composite?
False
Is 1500463 prime?
True
Is 30148411 prime?
True
Is 357967 prime?
True
Is 1624627 composite?
False
Is 7134811 composite?
True
Is 26543249 prime?
True
Is 11384869 a prime number?
False
Is 22599727 a prime number?
False
Is 75437795 a composite number?
True
Is 24572689 composite?
False
Is 29327983 a composite number?
True
Is 21869 a composite number?
True
Is 339244379 a composite number?
True
Is 2256601 prime?
True
Is 81175555 prime?
False
Is 29049383 a composite number?
True
Is 41497909 prime?
False
Is 936607 composite?
True
Is 594769 composite?
True
Is 1310777 a prime number?
False
Is 5440709 composite?
False
Is 564643 a prime number?
True
Is 879178873 composite?
True
Is 14509609 prime?
False
Is 26687443 a composite number?
True
Is 80141 a composite number?
False
Is 12475681 composite?
False
Is 14051426 prime?
False
Is 804913 prime?
True
Is 8597209 prime?
False
Is 944405411 composite?
False
Is 6280567 composite?
False
Is 6834847 prime?
False
Is 78637891 composite?
False
Is 9350177 a composite number?
False
Is 15006601 a prime number?
False
Is 22851287 composite?
False
Is 77503607 a composite number?
False
Is 3648251 a composite number?
True
Is 124432381 a prime number?
True
Is 21138613 a prime number?
False
Is 70809289 a composite number?
False
Is 3461855 prime?
False
Is 951019 prime?
True
Is 63745421 a composite number?
True
Is 298897 prime?
True
Is 3241349 prime?
True
Is 29513069 composite?
True
Is 104262118 composite?
True
Is 53262593 a composite number?
False
Is 7486411 composite?
False
Is 2459099 prime?
True
Is 1133443021 a prime number?
False
Is 50359181 a prime number?
True
Is 16556989 a prime number?
False
Is 97148174 prime?
False
Is 7949267 a prime number?
False
Is 41591215 a prime number?
False
Is 10069811 a prime number?
False
Is 10405079 a composite number?
True
Is 3573971 a prime number?
True
Is 1714243 prime?
False
Is 1355149 a composite number?
True
Is 18787742 a prime number?
False
Is 7376021 a prime number?
True
Is 19977553 prime?
True
Is 298787927 a composite number?
False
Is 187761923 a prime number?
False
Is 193503337 composite?
False
Is 249319 a prime number?
False
Is 568289 a composite number?
False
Is 708552445 a composite number?
True
Is 2329585 a prime number?
False
Is 399306991 prime?
False
Is 3915953 prime?
True
Is 8091911 composite?
True
Is 34794457 a composite number?
False
Is 1101811 a composite number?
False
Is 33810541 prime?
False
Is 276781907 composite?
False
Is 286873 composite?
False
Is 1122623 prime?
True
Is 12210833 composite?
True
Is 12651389 prime?
True
Is 706529 a prime number?
False
Is 535481 a composite number?
False
Is 10461635 a prime number?
False
Is 316257421 a prime number?
False
Is 679403 a composite number?
False
Is 65524379 composite?
True
Is 3015443 a prime number?
False
Is 65052641 prime?
True
Is 3090547 prime?
False
Is 21558353 composite?
True
Is 38447741 prime?
True
Is 5499361 a prime number?
False
Is 31308269 a prime number?
False
Is 608545819 composite?
True
Is 673667 a composite number?
False
Is 734653 prime?
True
Is 53657 a composite number?
False
Is 159303437 a composite number?
False
Is 3142259 a prime number?
True
Is 22698971 prime?
True
Is 65518313 prime?
False
Is 10343791 composite?
True
Is 9706793 a prime number?
False
Is 3389233 composite?
False
Is 4025393 prime?
False
Is 24520637 prime?
True
Is 5217601 composite?
False
Is 22813829 prime?
True
Is 135584147 a prime number?
True
Is 505423 a prime number?
False
Is 409332107 a composite number?
False
Is 26440067 a prime number?
False
Is 37108187 composite?
False
Is 8093117 a composite number?
True
Is 10047133 a composite number?
False
Is 387364555 composite?
True
Is 14946769 a prime number?
False
Is 58066681 prime?
True
Is 1810729 prime?
False
Is 214067531 a prime number?
False
Is 334759 a prime number?
True
Is 21805643 a prime number?
False
Is 752023 a prime number?
True
Is 454463 a prime number?
False
Is 97759 prime?
False
Is 357439235 composite?
True
Is 45806609 a composite number?
True
Is 32095307 composite?
False
Is 11340613 composite?
False
Is 356698613 a prime number?
False
Is 53568083 prime?
False
Is 7078559 a composite number?
False
Is 3526762 composite?
True
Is 142738867 a composite number?
False
Is 62575337 prime?
False
Is 1424941 a composite number?
True
Is 25038985 a composite number?
True
Is 9267769 prime?
False
Is 6882259 a prime number?
False
Is 91781441 a prime number?
True
Is 33091007 a composite number?
False
Is 7402421 a composite number?
True
Is 352366921 composite?
False
Is 1142129 prime?
True
Is 4324093 prime?
True
Is 61845269 a prime number?
False
Is 164569 composite?
False
Is 41033561 composite?
True
Is 305069 prime?
True
Is 6579479 composite?
False
Is 11875601 composite?
True
Is 363701397 a composite number?
True
Is 40261729 a composite number?
True
Is 8225929 composite?
False
Is 17474257 prime?
False
Is 5312507 a prime number?
True
Is 186328591 composite?
False
Is 15198623 a prime number?
False
Is 949 prime?
False
Is 10425929 prime?
True
Is 13440821 composite?
False
Is 61312289 composite?
True
Is 968197 a prime number?
True
Is 1669705 a composite number?
True
Is 6847237 prime?
True
Is 1255955 prime?
False
Is 675949 a composite number?
True
Is 4280341 a composite number?
True
Is 139239229 prime?
True
Is 28173379 prime?
False
Is 9009329 a composite number?
True
Is 16048303 prime?
True
Is 734629 composite?
True
Is 1070519 a composite number?
True
Is 7255591 prime?
False
Is 209908033 composite?
False
Is 2769073 composite?
False
Is 4847209 composite?
True
Is 7438231 a composite number?
True
Is 109843207 a prime number?
True
Is 10390409 composite?
False
Is 148948147 composite?
True
Is 275813 composite?
False
Is 6085373 a composite number?
True
Is 10600903 a composite number?
True
Is 837761 a prime number?
False
Is 301306799 composite?
True
Is 415706461 a composite number?
False
Is 2707855 a composite number?
True
Is 15574709 prime?
False
Is 5000851 a prime number?
True
Is 1928996333 composite?
True
Is 637409215 composite?
True
Is 20683643 a composite number?
True
Is 9625282 a composite number?
True
Is 5977603 prime?
True
Is 254999 prime?
False
Is 18293723 composite?
True
Is 1147831 a prime number?
False
Is 4707211 prime?
True
Is 34783327 composite?
True
Is 1770841 a prime number?
True
Is 11513687 prime?
True
Is 1083749 a prime number?
True
Is 3234277 composite?
False
Is 2636311 prime?
True
Is 2624871 a prime number?
False
Is 13384067 composite?
False
Is 8655487 prime?
False
Is 55181257 a prime number?
True
Is 10331077 composite?
True
Is 54751051 prime?
True
Is 1147561 a composite number?
False
Is 247271649 composite?
True
Is 